se 12, what is -2250827 - 11?
-2250838
In base 15, what is -29ab3dd3 + 2?
-29ab3dd1
In base 14, what is 138467 + -2b1?
138196
In base 3, what is 22 + -1001022211112100?
-1001022211112001
In base 7, what is -235054 - 3340?
-241424
In base 8, what is 4031421 + 2?
4031423
In base 11, what is a2069 - -15a?
a2218
In base 11, what is -590 + 16254?
15774
In base 3, what is 201022000001 - -1201?
201022001202
In base 15, what is -536 - -222d8?
21ca2
In base 11, what is -10286285 - 0?
-10286285
In base 11, what is 173 + -17947?
-17784
In base 3, what is -20101 - 212101202?
-212122010
In base 16, what is 5 + 348e71?
348e76
In base 12, what is 9247 + a15?
a060
In base 12, what is -125a + -3946?
-4ba4
In base 5, what is 0 + 2334211330?
2334211330
In base 14, what is 1 + 70393c8?
70393c9
In base 4, what is -2313 - -22223100?
22220121
In base 16, what is 19a - -223c6?
22560
In base 8, what is 3 - 77577032?
-77577027
In base 15, what is -1 - 2cd4566?
-2cd4567
In base 6, what is 2243354 - 145?
2243205
In base 9, what is 858 + -463301?
-462332
In base 7, what is 3 - -1660641663?
1660641666
In base 13, what is -1c3 - -126c49?
126a56
In base 14, what is -109c9 - c?
-109d7
In base 3, what is -22220 - 101220201?
-102020121
In base 16, what is -95 - 1e1c2b?
-1e1cc0
In base 5, what is 13114134 + 1323?
13121012
In base 9, what is -1731 + 65517?
63676
In base 10, what is -925376790 + 1?
-925376789
In base 9, what is -14007 + -12578?
-26586
In base 16, what is 5 + -6a38c7e?
-6a38c79
In base 8, what is -6701370 + 570?
-6700600
In base 2, what is 10100110100000000101 - 110101110?
10100110011001010111
In base 11, what is 854 - -129188?
129a31
In base 14, what is 12a + -d6b4d?
-d6a23
In base 7, what is 1 + 344312131?
344312132
In base 15, what is -62bd48 - 1?
-62bd49
In base 5, what is 1 - -3123232021?
3123232022
In base 10, what is 6374173 - -6?
6374179
In base 2, what is -10001 - -10100000011100?
10100000001011
In base 5, what is 3 + 2203243413?
2203243421
In base 12, what is -a3784b0 + -1?
-a3784b1
In base 14, what is -8a056 - 11?
-8a067
In base 11, what is -170 - 6301?
-6471
In base 2, what is -11010110101011 + 110001100110?
-10100101000101
In base 8, what is 4323205246 - -2?
4323205250
In base 5, what is 2130 - -11010322?
11013002
In base 16, what is 14 - 41ff4d?
-41ff39
In base 3, what is -11012012 - 111002222?
-122022011
In base 16, what is -a - 8e5e5?
-8e5ef
In base 8, what is -173 - -245056?
244663
In base 4, what is -132233020210 + 0?
-132233020210
In base 12, what is -5b30 - -473?
-5679
In base 9, what is -12 + 14571304?
14571282
In base 6, what is -43435 + 242?
-43153
In base 15, what is 6b - 1957d23?
-1957ca7
In base 16, what is -8660ba + -15?
-8660cf
In base 6, what is 15423032105 + -4?
15423032101
In base 7, what is 6 - -16010311?
16010320
In base 5, what is 1 + 34144044?
34144100
In base 14, what is 368d212 + 17?
368d229
In base 13, what is 288 + 452a?
47b5
In base 3, what is -2121 + -220021210?
-220101101
In base 11, what is -2 - 137032?
-137034
In base 3, what is 1210202102 + 22220121?
2010200000
In base 12, what is 3 + -94b6723?
-94b6720
In base 5, what is -34133042 + -1?
-34133043
In base 2, what is 10100101101110100111 - 10001?
10100101101110010110
In base 2, what is -100 - -10010101100100000100101001?
10010101100100000100100101
In base 10, what is -5 - -5662413?
5662408
In base 9, what is -103146256 - 4?
-103146261
In base 12, what is -89393b + -9?
-893948
In base 9, what is 31875 - -7645?
40631
In base 14, what is -4b + 2d0db2?
2d0d65
In base 13, what is -3 - 4b292100?
-4b292103
In base 10, what is 11786 + -598?
11188
In base 9, what is -814084660 + 0?
-814084660
In base 6, what is -1034231 + 13305?
-1020522
In base 11, what is -28 + 77057?
7702a
In base 10, what is 19295607 + -2?
19295605
In base 16, what is 3370c0 + -6?
3370ba
In base 7, what is -120521 - -126320?
5466
In base 2, what is -11010001011100101000 - -101?
-11010001011100100011
In base 5, what is 40021 + 2103331?
2143402
In base 4, what is 11103302230 - 1030?
11103301200
In base 10, what is 663562608 - -3?
663562611
In base 16, what is -96b - 1cf?
-b3a
In base 7, what is -312241 - -11624?
-300314
In base 13, what is -553 - 7215?
-7768
In base 4, what is -3033 - -223013332?
223010233
In base 6, what is 35244413 - 3?
35244410
In base 16, what is 31d0 - 32dc?
-10c
In base 8, what is 6072210 + -242?
6071746
In base 9, what is -2 - -14403158?
14403156
In base 3, what is 102000121021220 + -11012?
102000121010201
In base 7, what is -33235 - 622?
-34160
In base 4, what is 0 - -13010323010?
13010323010
In base 9, what is 47463782 - 2?
47463780
In base 15, what is -3eaa7e - 2?
-3eaa81
In base 13, what is 5 + 3c88920?
3c88925
In base 8, what is -15 - 646314?
-646331
In base 13, what is 1ac25 + -2b?
1abc7
In base 14, what is -82 + b44942?
b448a0
In base 2, what is 1010001111100110111100010 - 11?
1010001111100110111011111
In base 9, what is -1554226 + -5?
-1554232
In base 3, what is -122010012112212 + -1211?
-122010012121200
In base 3, what is 1011 - -202210120202100?
202210120210111
In base 13, what is 21 + -475619?
-4755c8
In base 15, what is 103b - -8d88?
9dc4
In base 5, what is -311001144 + 11403?
-310434241
In base 14, what is 72 - -1353d?
135b1
In base 11, what is 9275394 + 2?
9275396
In base 16, what is -4 + 3c96a74?
3c96a70
In base 12, what is -78 + -570?
-628
In base 2, what is -10000110 + 11101011?
1100101
In base 4, what is -32321 - 300211?
-333132
In base 2, what is -11010 + 1000100011010011010111?
1000100011010010111101
In base 4, what is -1201130330213 - -13?
-1201130330200
In base 7, what is -46032240 + 45?
-46032162
In base 2, what is -11011011100101 + -111110101110?
-100011010010011
In base 14, what is 5356 - -1db?
5553
In base 9, what is 3 - 158606638?
-158606635
In base 14, what is 50 - -682aa3?
682b13
In base 7, what is -5 + 21634513?
21634505
In base 5, what is -14 - 230112?
-230131
In base 11, what is -895 - -5578?
4793
In base 2, what is -1100110 + -1101101010101110?
-1101101100010100
In base 11, what is 10048 - -5a6?
10643
In base 2, what is -100101011101101100 + 1001001011111?
-100100010100001101
In base 15, what is -42782 - 6?
-42788
In base 6, what is -15225100 + -13?
-15225113
In base 14, what is 12c5d9 - -7?
12c602
In base 8, what is 476376 - 7573?
466603
In base 11, what is 1134983a2 - -4?
1134983a6
In base 4, what is -2330 - 13031312?
-13100302
In base 4, what is 101111110 - 1113?
101103331
In base 11, what is -33116110 + -1?
-33116111
In base 16, what is -3f469 - -80c?
-3ec5d
In base 10, what is 58521 - -90?
58611
In base 9, what is 1 - -2057822?
2057823
In base 3, what is -2210002210 + 10200?
-2202222010
In base 11, what is 21a45a71 + -2?
21a45a6a
In base 16, what is -3 - -d3d65ba?
d3d65b7
In base 16, what is -165595 - -38?
-16555d
In base 10, what is 4974473 - -8?
4974481
In base 16, what is 8 + 234ef?
234f7
In base 4, what is -230 + -12232233210?
-12232300100
In base 16, what is -fecdc + 67?
-fec75
In base 3, what is -112112022 - 20001021?
-202120120
In base 2, what is 101101111110001100000 - 110110?
101101111110000101010
In base 15, what is 181 + -4224?
-4093
In base 15, what is 35 - 1449d4?
-14499e
In base 13, what is 269 - -4731?
499a
In base 6, what is 2100145 - 131?
2100014
In base 14, what is 49b8cc3 - 5?
49b8cbc
In base 2, what is 1011 - 101000010010010111001?
-101000010010010101110
In base 7, what is 222151366 - 5?
222151361
In base 14, what is 108db + 165?
10a62
In base 7, what is -1 + 443315426?
443315425
In base 6, what is 24452 - 214222?
-145330
In base 3, what is 2012122012 - -220100?
2020112112
In base 8, what is 141 + 257013?
257154
In base 11, what is -332027 + 226?
-331901
In base 7, what is -20445 + -34523?
-55301
In base 13, what is 4 + 52c9043?
52c9047
In base 8, what is -4532 + 1660?
-2652
In base 8, what is -357 - 3431271?
-3431650
In base 14, what is 3 - 76c17b?
-76c178
In base 5, what is 422 + 3313212?
3314134
In base 12, what is 2b838259 + 2?
2b83825b
In base 7, what is -3465210 + 354?
-3464523
In base 2, what is 1110001001 - -10001010010000110?
10001100000001111
In base 9, what is -2 - -8484702?
8484700
In base 2, what is 10100110111011100 + -110000?
10100110110101100
In base 5, what is 4 - 114140011224?
-114140011220
In base 2, what is